er when 6065 is divided by (2/(-2))/(2/(-578)).
285
Suppose 80*p - 8296 = 4104. What is the remainder when 631 is divided by p?
11
Suppose -202 = -i - 2*p, -3*i + 0*i + p + 578 = 0. Let a = -4548 - -4566. Calculate the remainder when i is divided by a.
14
Let s be (40 + -42)/((-1)/6*-2). What is the remainder when 187 is divided by -2 - 14/s - 116/(-12)?
7
Let x = 175 - 88. Suppose 0 = 4*s - x - 45. Suppose -5*v = 4*p - s - 43, 2*v - 28 = -4*p. Calculate the remainder when v is divided by 6.
4
Let x = -250 + 260. Let s(u) = -u**2 + u + 32. Let f(g) = -2*g**2 + g + 64. Let n(d) = -3*f(d) + 5*s(d). What is the remainder when n(x) is divided by 23?
19
Suppose 0 = -t + 2*d + 75, 3*t - 2*d - 232 = -3*d. Let r = 97 - t. What is the remainder when 157 is divided by r?
17
Suppose -3*n - 87 = 2*t, -2*n + t + 111 = -6*n. What is the remainder when 11 is divided by (-87)/n - (-28)/(-126)?
2
Let y(p) = 1486*p**2 - 10*p + 6. What is the remainder when y(1) is divided by 32?
10
Let f = 7 - 20. Let c be 406/6 + f/(-39). Suppose -62 = -5*z + c. What is the remainder when 128 is divided by z?
24
Let v = 2150 + -2119. What is the remainder when 1174 is divided by v?
27
Let y(o) = 10*o**2 + 56*o - 151. Calculate the remainder when 866 is divided by y(3).
10
Suppose 2*z - 434 = -4*c, -4*z + 3*c + 0*c + 901 = 0. Calculate the remainder when z is divided by 58.
49
Suppose 4*g + 224 = -3*r + 675, 242 = 2*g - 4*r. What is the remainder when g is divided by 45?
25
Suppose -12799 = -6*b - 27*b + 38417. What is the remainder when b is divided by 22?
12
Let d be 373 + (10/(-2) - (0 - 4)). Suppose -d = -4*y + 4*v, 3*y + v + 0*v - 295 = 0. Let r = -79 + y. What is the remainder when 51 is divided by r?
15
Suppose -8815 - 2201 = -36*n. Calculate the remainder when (5/(-2))/((-9)/n) is divided by 24.
13
Calculate the remainder when (-32757)/(-12) - (-105)/(-140) is divided by 26.
25
Suppose -h + 11 = -t, 116*h = 114*h - t + 46. What is the remainder when 1585 is divided by h?
8
What is the remainder when 139 is divided by (-8)/28 - (-2620)/(-420)*-18?
27
Suppose 0 = 15*i - 3*i - 270 - 642. What is the remainder when 653 is divided by i?
45
Let o(t) = -2657*t - 34501. Suppose 0 = -2*k + 4*x + 40, -2*k = 2*k + 2*x - 80. Calculate the remainder when o(-13) is divided by k.
0
Suppose -14 = -2*w - 4*u + 18, 5*u = 10. Suppose -3*a + 5 = -2*a. Suppose 0 = -a*p + 22 + 3. Calculate the remainder when w is divided by p.
2
Let o be -4*(-2 + 3) - -4. Suppose -3*z + 9 + 3 = o. Suppose -6*l + 68 = -z. Calculate the remainder when 59 is divided by l.
11
Let s(f) = -5*f**2 - 78*f - 30. Let q(h) = -16*h + 2. Let g be q(1). What is the remainder when s(g) is divided by 44?
38
Let z(u) = 19*u + 1149. What is the remainder when z(17) is divided by 22?
20
Let t be ((-4)/5)/(-9 + 5642/630). What is the remainder when 50 is divided by 1*(-48)/9*t/(-12)?
2
Let a(u) = u - 3. Let c be a(0). What is the remainder when c - (-1 - 6) - -228 is divided by 3146/66 - 2/3?
44
Let r(s) = -s**2 + 22*s + 1202. Calculate the remainder when 4683 is divided by r(44).
3
Suppose 4*k - v - 81 = 0, -2*k + 3 + 50 = -3*v. Let a = -9596 + 9601. Calculate the remainder when k is divided by a.
4
Let b = 35421 + -35302. What is the remainder when b is divided by 94?
25
Suppose 2*y = m - 117 - 185, 0 = 3*m + 2*y - 858. What is the remainder when m is divided by 95?
5
Suppose 8*b = 10*b + 5*z - 98, 3*b - 5*z - 97 = 0. Calculate the remainder when 637 is divided by b.
13
Let d = -11833 - -19328. Calculate the remainder when d is divided by 46.
43
Let d(t) = 21*t**3 + 3*t**2 + 20*t - 60. Calculate the remainder when 184 is divided by d(2).
24
Suppose 0 = -26*x - 78 - 26. What is the remainder when 27 is divided by (-8)/(-3)*30/5 + x?
3
Let q = -13441 - -13769. Calculate the remainder when q is divided by 72.
40
Suppose -83481 - 1243 = -59*z. What is the remainder when z is divided by 60?
56
Let s = 24666 - 22872. Calculate the remainder when s is divided by 16.
2
Let r(s) = s**2 + 3*s + 7. Let g be r(5). Suppose 4*z + g = 515. Suppose 0 = -401*a + 181865 - 169434. What is the remainder when z is divided by a?
24
Suppose 55*x - 60 = 51*x. Suppose -2*m + c + 14 = 0, 0 = -0*m - m - 5*c - x. What is the remainder when 12 is divided by m?
2
Calculate the remainder when 3 + 0 + 2 - 0 is divided by (-12)/30 - 8/5 - (-6 + 1).
2
What is the remainder when 208 is divided by 52 + (-2)/(-18)*-3 + (-7)/(-21)?
0
What is the remainder when 1112625/11385 - (-2)/22*3 is divided by 35?
28
Let t be (0 - -14) + 3*-2. Calculate the remainder when 39 is divided by ((-2)/(-16)*t)/(2/20).
9
Suppose 2*d - 100 = o - 5*o, 0 = -4*o + 12. Let s = -138825 - -139041. Calculate the remainder when s is divided by d.
40
Suppose -67*n = -675 + 139. What is the remainder when 3877 is divided by n?
5
Suppose z + 5 = 2*d, z = 3*d - 0*z - 7. Suppose -o + 20 = 5. Calculate the remainder when o is divided by d.
1
Suppose -137*d - 912 = -118*d. Calculate the remainder when 288/d + (-1 - -114) is divided by 22.
19
Suppose -5*s + 4*l = -136, 5*s = 9*l - 13*l + 184. What is the remainder when 10558 is divided by s?
30
Let f be 620/((-12)/(-3)) - -3. Let h = 202 - f. Calculate the remainder when 86 is divided by h.
42
Let g(u) = 5*u + 26. Let a = 387 - 168. What is the remainder when a is divided by g(6)?
51
Let j(a) = -a**2 + 5*a + 12. Let s be j(4). Suppose s = 4*d - 0*d. Calculate the remainder when 107 is divided by d.
3
Let i(g) = 65*g - 11100. Let y = -23 + 43. Let n = y + 67. Calculate the remainder when n is divided by i(171).
12
Let l(b) = 13*b + 522. What is the remainder when 4059 is divided by l(-29)?
144
Let n(c) = -c**2 + 12*c - 31. Suppose -96*j = -86*j - 60. Calculate the remainder when 193 is divided by n(j).
3
Let r(h) = 3*h**2 - 15*h + 13. Let g = 106 - 101. Let v be r(g). Let y = 19 + v. Calculate the remainder when y is divided by 5.
2
Suppose 684 = 5*g - s, 256*g - 254*g - 3*s - 258 = 0. What is the remainder when 548 is divided by g?
134
Let p be (-9)/(-4)*(-200)/(-50). Suppose -p*i = -3318 - 228. What is the remainder when i is divided by 33?
31
What is the remainder when 2279 is divided by 14 + (-810)/(-12 + 2)?
94
Let l(h) = h - 169. Let m(t) = 1. Let i(q) = -l(q) - 3*m(q). Calculate the remainder when i(-10) is divided by 59.
58
Let d(j) = j**3 + 11*j**2 - 7*j + 9. Let n = -58 - -46. Let x be d(n). Calculate the remainder when (x + -7)/(4/(-6)) is divided by 18.
15
Suppose -2355*p = -2399*p + 4444. Let i be (4 - 1) + -5 + 6. Calculate the remainder when p is divided by i/(-14) - (-1089)/63.
16
Suppose 3*d + 21 = 2*y, y - 1 = -5*d + 3. Suppose 3*s - y*s + 2184 = 0. Suppose -25*a + 21*a = -s. What is the remainder when a is divided by 47?
44
Let k(c) = 11*c + 13. Calculate the remainder when k(9) is divided by ((-20)/7)/((-13)/(-182)*(-24)/18).
22
Suppose 2*b - 25*b = 4*b - 54. Calculate the remainder when 225 is divided by b.
1
Let l(x) = -356*x - 1274. Calculate the remainder when 2246 is divided by l(-4).
146
Let g(m) = -4*m**3 - 9*m**2 + m. Let r be g(-3). Suppose -57 = -u - r. Let k(p) = -p**2 + 8*p - 2. What is the remainder when u is divided by k(3)?
7
Let g(c) = c**3 - 5*c**2 + 8*c - 23. Let q be g(4). What is the remainder when ((-9)/q)/(41/287) is divided by 2?
1
Let c(f) = 0*f + 8*f**2 - f - 7*f**2 - 2*f. Let m be c(4). What is the remainder when 91 is divided by 759/22*m/6?
22
Let g be 56/26 - (-10)/(-65). Suppose -h + g = -3. Calculate the remainder when 29 is divided by h.
4
Suppose -697*i + 447*i = -12000. What is the remainder when 2231 is divided by i?
23
Suppose 17*t + 10269 = -4*t. Let q = t + 523. Let o = -26 + 44. What is the remainder when q is divided by o?
16
Suppose 1 = 5*k - 24. Suppose k*u = 3*u + h + 9, -33 = -4*u - h. What is the remainder when (-12 - (-27 + 4))/1 is divided by u?
4
Suppose -2*x - 3*f = -36, x + 1 - 18 = -2*f. Suppose 3*h + x - 114 = 0. Let y = 58 + 1. What is the remainder when y is divided by h?
28
Let u = -123820 - -123917. Suppose -70 = -3*m - 2*m. Calculate the remainder when u is divided by m.
13
Let n(m) = 80*m - 95. Let k be n(5). Let d = k + -137. What is the remainder when d is divided by 34?
32
Suppose -5*y - 22 = -z + 12, z - y = 10. Suppose -3 = -4*p + 5*p. What is the remainder when (